{"id":94,"date":"2018-03-13T14:12:58","date_gmt":"2018-03-13T14:12:58","guid":{"rendered":"http:\/\/boernslivoglaering.dk\/?page_id=94"},"modified":"2018-03-15T09:42:33","modified_gmt":"2018-03-15T09:42:33","slug":"undervisning","status":"publish","type":"page","link":"https:\/\/boernslivoglaering.dk\/?page_id=94","title":{"rendered":"Undervisning"},"content":{"rendered":"<p>[et_pb_section fb_built=&#8221;1&#8243; admin_label=&#8221;Features&#8221; _builder_version=&#8221;3.0.105&#8243; custom_margin=&#8221;|||&#8221; custom_padding=&#8221;||90px|&#8221;][et_pb_row custom_padding=&#8221;0|0px|0|0px&#8221; _builder_version=&#8221;3.0.106&#8243;][et_pb_column type=&#8221;2_3&#8243; _builder_version=&#8221;3.0.106&#8243; parallax=&#8221;off&#8221; parallax_method=&#8221;on&#8221;][et_pb_text _builder_version=&#8221;3.0.106&#8243; inline_fonts=&#8221;Archivo Black&#8221;]<\/p>\n<h2><span style=\"font-family: 'Archivo Black';\">Undervisning<\/span><\/h2>\n<p>[\/et_pb_text][\/et_pb_column][et_pb_column type=&#8221;1_3&#8243; _builder_version=&#8221;3.0.106&#8243; parallax=&#8221;off&#8221; parallax_method=&#8221;on&#8221;][et_pb_image src=&#8221;http:\/\/boernslivoglaering.dk\/wp-content\/uploads\/2018\/03\/ikon_undervisning_100x100mm.png&#8221; _builder_version=&#8221;3.0.106&#8243;][\/et_pb_image][\/et_pb_column][\/et_pb_row][et_pb_row custom_padding=&#8221;38px|50px|28px|50px&#8221; custom_padding_phone=&#8221;|20px||20px&#8221; custom_margin=&#8221;50px|||&#8221; background_color=&#8221;#45a8bc&#8221; custom_padding_last_edited=&#8221;on|phone&#8221; _builder_version=&#8221;3.0.106&#8243; background_color_gradient_direction=&#8221;106deg&#8221;][et_pb_column type=&#8221;4_4&#8243; _builder_version=&#8221;3.0.47&#8243; parallax=&#8221;off&#8221; parallax_method=&#8221;on&#8221;][et_pb_text _builder_version=&#8221;3.0.106&#8243;]<\/p>\n<h4><span style=\"font-family: 'Archivo Black'; font-weight: normal; font-size: x-large; color: #ffffff;\">Tre film om m\u00e5lstyret undervisning i matematik<\/span><\/h4>\n<p><span style=\"color: #ffffff;\"><\/span><\/p>\n<p><span style=\"color: #ffffff;\">Film 1. Vi f\u00f8lger tre l\u00e6reres planl\u00e6gning af et m\u00e5lstyret undervisningsforl\u00f8b i matematik for 4 klasse. Undervisningen handler om geometri og m\u00e5ling og l\u00e6rernes planl\u00e6gning tager udgangspunkt i en model for planl\u00e6gning af et undervisningsforl\u00f8b fra undervisningsministeriets l\u00e6seplan for faget matematik. Lektor Thomas H\u00f8jgaard kommenterer l\u00e6rernes planl\u00e6gning undervejs i filmen.<\/span><\/p>\n<p><span style=\"color: #ffffff;\">Film 2. L\u00e6ringsm\u00e5lstyret undervisning i matematik i praksis.\u00a0Filmen viser uddrag fra undervisningsforl\u00f8bet, der varer tre uger.<\/span><\/p>\n<p><span style=\"color: #ffffff;\">Film 3.\u00a0Undervisningen er l\u00f8bende blevet evalueret gennem selvevaluering og refleksion.\u00a0Check ind-og check ud opgaver bruges som basis for undervisningsdifferentiering og filmen viser bl.a. l\u00e6rernes samtaler med eleverne om elevernes udbytte.<\/span><\/p>\n<p>[\/et_pb_text][et_pb_video_slider _builder_version=&#8221;3.0.106&#8243;][et_pb_video_slider_item src=&#8221;https:\/\/youtu.be\/3mMbL4mf8OY&#8221; _builder_version=&#8221;3.0.106&#8243; show_image_overlay=&#8221;off&#8221;][\/et_pb_video_slider_item][et_pb_video_slider_item src=&#8221;https:\/\/youtu.be\/VKp0N0EA6g8&#8243; _builder_version=&#8221;3.0.106&#8243; show_image_overlay=&#8221;off&#8221;][\/et_pb_video_slider_item][et_pb_video_slider_item src=&#8221;https:\/\/youtu.be\/1jKB5n-9_eU&#8221; _builder_version=&#8221;3.0.106&#8243; show_image_overlay=&#8221;off&#8221;][\/et_pb_video_slider_item][\/et_pb_video_slider][\/et_pb_column][\/et_pb_row][et_pb_row custom_padding=&#8221;0|0px|0|0px&#8221; _builder_version=&#8221;3.0.106&#8243;][et_pb_column type=&#8221;1_3&#8243; _builder_version=&#8221;3.0.106&#8243; parallax=&#8221;off&#8221; parallax_method=&#8221;on&#8221;][et_pb_text _builder_version=&#8221;3.0.106&#8243;]<\/p>\n<p><span><em><\/em><\/span><\/p>\n<p><span><em>Klasseledelse<\/em><\/span><\/p>\n<p><span>Filmen viser to eksempler p\u00e5 hvordan klasseledelse kan se ud i praksis. Vi f\u00f8lger prim\u00e6rt matematikundervisningen i 4. klasse og ser ogs\u00e5 korte klip fra danskundervisningen i 6. klasse. Helle Plauborg, der har forsket i klasseledelse kommenterer l\u00e6rerens undervisning undervejs og understreger hvordan de faglige, de didaktiske og de sociale aspekter i undervisningen samment\u00e6nkes. Det fremg\u00e5 bl.a. at det sociale og det faglige ikke er mods\u00e6tninger og at tydelig m\u00e5lfasts\u00e6ttelse har sammenh\u00e6ng med god klasseledelse.<\/span><\/p>\n<p><a href=\"http:\/\/www.emu.dk\/modul\/gode-r%C3%A5d-og-anbefalinger-om-ud%C3%B8velse-af-klasseledelse\"><span style=\"color: #ff0000;\">SE FILM<\/span><\/a><\/p>\n<p>[\/et_pb_text][\/et_pb_column][et_pb_column type=&#8221;1_3&#8243; _builder_version=&#8221;3.0.106&#8243; parallax=&#8221;off&#8221; parallax_method=&#8221;on&#8221;][\/et_pb_column][et_pb_column type=&#8221;1_3&#8243; _builder_version=&#8221;3.0.106&#8243; parallax=&#8221;off&#8221; parallax_method=&#8221;on&#8221;][\/et_pb_column][\/et_pb_row][\/et_pb_section]<\/p>\n","protected":false},"excerpt":{"rendered":"<p>UndervisningTre film om m\u00e5lstyret undervisning i matematik Film 1. Vi f\u00f8lger tre l\u00e6reres planl\u00e6gning af et m\u00e5lstyret undervisningsforl\u00f8b i matematik for 4 klasse. Undervisningen handler om geometri og m\u00e5ling og l\u00e6rernes planl\u00e6gning tager udgangspunkt i en model for planl\u00e6gning af et undervisningsforl\u00f8b fra undervisningsministeriets l\u00e6seplan for faget matematik. Lektor Thomas H\u00f8jgaard kommenterer l\u00e6rernes planl\u00e6gning undervejs [&hellip;]<\/p>\n","protected":false},"author":2,"featured_media":0,"parent":0,"menu_order":0,"comment_status":"closed","ping_status":"closed","template":"","meta":{"_et_pb_use_builder":"on","_et_pb_old_content":"","_et_gb_content_width":"","footnotes":""},"class_list":["post-94","page","type-page","status-publish","hentry"],"_links":{"self":[{"href":"https:\/\/boernslivoglaering.dk\/index.php?rest_route=\/wp\/v2\/pages\/94","targetHints":{"allow":["GET"]}}],"collection":[{"href":"https:\/\/boernslivoglaering.dk\/index.php?rest_route=\/wp\/v2\/pages"}],"about":[{"href":"https:\/\/boernslivoglaering.dk\/index.php?rest_route=\/wp\/v2\/types\/page"}],"author":[{"embeddable":true,"href":"https:\/\/boernslivoglaering.dk\/index.php?rest_route=\/wp\/v2\/users\/2"}],"replies":[{"embeddable":true,"href":"https:\/\/boernslivoglaering.dk\/index.php?rest_route=%2Fwp%2Fv2%2Fcomments&post=94"}],"version-history":[{"count":5,"href":"https:\/\/boernslivoglaering.dk\/index.php?rest_route=\/wp\/v2\/pages\/94\/revisions"}],"predecessor-version":[{"id":278,"href":"https:\/\/boernslivoglaering.dk\/index.php?rest_route=\/wp\/v2\/pages\/94\/revisions\/278"}],"wp:attachment":[{"href":"https:\/\/boernslivoglaering.dk\/index.php?rest_route=%2Fwp%2Fv2%2Fmedia&parent=94"}],"curies":[{"name":"wp","href":"https:\/\/api.w.org\/{rel}","templated":true}]}}